{"id":744,"date":"2022-06-12T14:05:02","date_gmt":"2022-06-12T14:05:02","guid":{"rendered":"http:\/\/reunivervalencia.com\/?page_id=744"},"modified":"2022-07-12T08:26:08","modified_gmt":"2022-07-12T08:26:08","slug":"localizacion","status":"publish","type":"page","link":"https:\/\/reunivervalencia.com\/fr\/localizacion\/","title":{"rendered":"Localisation"},"content":{"rendered":"\n<div class=\"wrapper-scrollMe\">\n<div class=\"scrollMe\"><\/div>\n<\/div>\n\n\n\n<div class=\"wp-block-group block-1 cover\"><div class=\"wp-block-group__inner-container\">\n<div class=\"wp-block-columns\">\n<div class=\"wp-block-column\">\n<h1>Ou <br>sommes <br>nous?<\/h1>\n<\/div>\n\n\n\n<div class=\"wp-block-column text\">\n<div class=\"wp-block-group\"><div class=\"wp-block-group__inner-container\">\n<p>Reuniver se trouve au c\u0153ur du p\u00f4le universitaire de Valencia, \u00e0 400 m\u00e8tres de la UPV et proche de l&rsquo;Universidad Literaria ainsi que du Campus de los Naranjos. La r\u00e9sidence est tr\u00e8s bien communiqu\u00e9e avec L&rsquo;Universidad Cat\u00f3lica, La Universidad Europea et ESTEMA. Tu pourras aussi te rendre de mani\u00e8re rapide et simple au Campus de Burjassot et au CEU Cardenal Herrera.<\/p>\n<\/div><\/div>\n<\/div>\n<\/div>\n<\/div><\/div>\n\n\n\n<div class=\"wp-block-group block-2 slider type-1\"><div class=\"wp-block-group__inner-container\"><div class=\"slider type-1 swiper-container\"><ul class=\"swiper-wrapper\"><li class=\"swiper-slide slide-1\"><div class=\"inner\"><div class=\"text\"><p>Pour te<br \/>\nrendre<br \/>\nau centre<br \/>\nde Valencia,<br \/>\nbus et m\u00e9tro.<\/p>\n<ul>\n<li>Bus 81, 31<\/li>\n<li>Metro 5, 7<\/li>\n<\/ul>\n<\/div><div class=\"image\"><figure><img width=\"1000\" height=\"1124\" src=\"https:\/\/reunivervalencia.com\/wp-content\/uploads\/2022\/06\/autobus-metro-centro-valencia.jpg\" class=\"attachment-full size-full\" alt=\"\" loading=\"lazy\" srcset=\"https:\/\/reunivervalencia.com\/wp-content\/uploads\/2022\/06\/autobus-metro-centro-valencia.jpg 1000w, https:\/\/reunivervalencia.com\/wp-content\/uploads\/2022\/06\/autobus-metro-centro-valencia-267x300.jpg 267w, https:\/\/reunivervalencia.com\/wp-content\/uploads\/2022\/06\/autobus-metro-centro-valencia-911x1024.jpg 911w, https:\/\/reunivervalencia.com\/wp-content\/uploads\/2022\/06\/autobus-metro-centro-valencia-768x863.jpg 768w\" sizes=\"(max-width: 1000px) 100vw, 1000px\" \/><\/figure><\/div><\/div><\/li><li class=\"swiper-slide slide-2\"><div class=\"inner\"><div class=\"text\"><p>La mer est<br \/>\n\u00e0 moins d'1 km<br \/>\net tu peux t'y<br \/>\nrendre en tramway<br \/>\nou en autobus.<\/p>\n<ul>\n<li>Bus 31, 32<\/li>\n<li>Tranv\u00eda l\u00ednea 5 y 7<\/li>\n<\/ul>\n<\/div><div class=\"image\"><figure><img width=\"1000\" height=\"1015\" src=\"https:\/\/reunivervalencia.com\/wp-content\/uploads\/2022\/06\/mar-a-menos-de-1-km.jpg\" class=\"attachment-full size-full\" alt=\"\" loading=\"lazy\" srcset=\"https:\/\/reunivervalencia.com\/wp-content\/uploads\/2022\/06\/mar-a-menos-de-1-km.jpg 1000w, https:\/\/reunivervalencia.com\/wp-content\/uploads\/2022\/06\/mar-a-menos-de-1-km-296x300.jpg 296w, https:\/\/reunivervalencia.com\/wp-content\/uploads\/2022\/06\/mar-a-menos-de-1-km-768x780.jpg 768w, https:\/\/reunivervalencia.com\/wp-content\/uploads\/2022\/06\/mar-a-menos-de-1-km-96x96.jpg 96w\" sizes=\"(max-width: 1000px) 100vw, 1000px\" \/><\/figure><\/div><\/div><\/li><li class=\"swiper-slide slide-3\"><div class=\"inner\"><div class=\"text\"><p>A 100 m\u00e8tres de<br \/>\nla r\u00e9sidence tu as le<br \/>\npolideportivo Beter\u00f3<br \/>\net \u00e0 400 m\u00e8tres<br \/>\nles installations<br \/>\nsportives de<br \/>\nl'Universit\u00e9.<\/p>\n<\/div><div class=\"image\"><figure><img width=\"1000\" height=\"1244\" src=\"https:\/\/reunivervalencia.com\/wp-content\/uploads\/2022\/06\/cerca-polideportivo-betero-universidad.jpg\" class=\"attachment-full size-full\" alt=\"\" loading=\"lazy\" srcset=\"https:\/\/reunivervalencia.com\/wp-content\/uploads\/2022\/06\/cerca-polideportivo-betero-universidad.jpg 1000w, https:\/\/reunivervalencia.com\/wp-content\/uploads\/2022\/06\/cerca-polideportivo-betero-universidad-241x300.jpg 241w, https:\/\/reunivervalencia.com\/wp-content\/uploads\/2022\/06\/cerca-polideportivo-betero-universidad-823x1024.jpg 823w, https:\/\/reunivervalencia.com\/wp-content\/uploads\/2022\/06\/cerca-polideportivo-betero-universidad-768x955.jpg 768w\" sizes=\"(max-width: 1000px) 100vw, 1000px\" \/><\/figure><\/div><\/div><\/li><\/ul><\/div><div class=\"swiper-pagination\"><\/div>\n<\/div><\/div>\n\n\n\n<div class=\"wp-block-group block-3\"><div class=\"wp-block-group__inner-container\">\n<h2>Reuniver Valencia<\/h2>\n\n\n\n<p>Calle de Jos\u00e9 Mar\u00eda Haro. 59<br>46022 Val\u00e8ncia, Valencia<\/p>\n<\/div><\/div>\n\n\n\n<div class=\"wp-block-group block-4 map\"><div class=\"wp-block-group__inner-container\">\n<iframe src=\"https:\/\/www.google.com\/maps\/embed?pb=!1m18!1m12!1m3!1d3079.848729665438!2d-0.33924468469728525!3d39.472745979486064!2m3!1f0!2f0!3f0!3m2!1i1024!2i768!4f13.1!3m3!1m2!1s0xd6048627f269295%3A0xeafd5c512ef86fa2!2sReuniver%20Valencia.!5e0!3m2!1ses!2ses!4v1655027977089!5m2!1ses!2ses\" style=\"border:0;\" allowfullscreen=\"\" loading=\"lazy\" referrerpolicy=\"no-referrer-when-downgrade\" width=\"600\" height=\"450\"><\/iframe>\n<\/div><\/div>\n","protected":false},"excerpt":{"rendered":"<p>Ou sommes nous? Reuniver se trouve au c\u0153ur du p\u00f4le universitaire de Valencia, \u00e0 400 m\u00e8tres de la UPV et proche de l&rsquo;Universidad Literaria ainsi que du Campus de los Naranjos. La r\u00e9sidence est tr\u00e8s bien communiqu\u00e9e avec L&rsquo;Universidad Cat\u00f3lica, La Universidad Europea et ESTEMA. Tu pourras aussi te rendre de mani\u00e8re rapide et simple [&hellip;]<\/p>\n","protected":false},"author":1,"featured_media":0,"parent":0,"menu_order":0,"comment_status":"closed","ping_status":"closed","template":"fullwidth-without-title.php","meta":[],"yoast_head":"<!-- This site is optimized with the Yoast SEO plugin v19.3 - https:\/\/yoast.com\/wordpress\/plugins\/seo\/ -->\n<title>Localisation - Reuniver<\/title>\n<meta name=\"robots\" content=\"index, follow, max-snippet:-1, max-image-preview:large, max-video-preview:-1\" \/>\n<link rel=\"canonical\" href=\"https:\/\/reunivervalencia.com\/fr\/localizacion\/\" \/>\n<meta property=\"og:locale\" content=\"fr_FR\" \/>\n<meta property=\"og:type\" content=\"article\" \/>\n<meta property=\"og:title\" content=\"Localisation - Reuniver\" \/>\n<meta property=\"og:description\" content=\"Ou sommes nous? Reuniver se trouve au c\u0153ur du p\u00f4le universitaire de Valencia, \u00e0 400 m\u00e8tres de la UPV et proche de l&rsquo;Universidad Literaria ainsi que du Campus de los Naranjos. La r\u00e9sidence est tr\u00e8s bien communiqu\u00e9e avec L&rsquo;Universidad Cat\u00f3lica, La Universidad Europea et ESTEMA. Tu pourras aussi te rendre de mani\u00e8re rapide et simple [&hellip;]\" \/>\n<meta property=\"og:url\" content=\"https:\/\/reunivervalencia.com\/fr\/localizacion\/\" \/>\n<meta property=\"og:site_name\" content=\"Reuniver\" \/>\n<meta property=\"article:modified_time\" content=\"2022-07-12T08:26:08+00:00\" \/>\n<meta name=\"twitter:card\" content=\"summary_large_image\" \/>\n<meta name=\"twitter:label1\" content=\"Dur\u00e9e de lecture estim\u00e9e\" \/>\n\t<meta name=\"twitter:data1\" content=\"1 minute\" \/>\n<script type=\"application\/ld+json\" class=\"yoast-schema-graph\">{\"@context\":\"https:\/\/schema.org\",\"@graph\":[{\"@type\":\"WebSite\",\"@id\":\"https:\/\/reunivervalencia.com\/#website\",\"url\":\"https:\/\/reunivervalencia.com\/\",\"name\":\"Reuniver\",\"description\":\"Votre autre maison \u00e0 Valencia\",\"potentialAction\":[{\"@type\":\"SearchAction\",\"target\":{\"@type\":\"EntryPoint\",\"urlTemplate\":\"https:\/\/reunivervalencia.com\/?s={search_term_string}\"},\"query-input\":\"required name=search_term_string\"}],\"inLanguage\":\"fr-FR\"},{\"@type\":\"WebPage\",\"@id\":\"https:\/\/reunivervalencia.com\/fr\/localizacion\/\",\"url\":\"https:\/\/reunivervalencia.com\/fr\/localizacion\/\",\"name\":\"Localisation - Reuniver\",\"isPartOf\":{\"@id\":\"https:\/\/reunivervalencia.com\/#website\"},\"datePublished\":\"2022-06-12T14:05:02+00:00\",\"dateModified\":\"2022-07-12T08:26:08+00:00\",\"breadcrumb\":{\"@id\":\"https:\/\/reunivervalencia.com\/fr\/localizacion\/#breadcrumb\"},\"inLanguage\":\"fr-FR\",\"potentialAction\":[{\"@type\":\"ReadAction\",\"target\":[\"https:\/\/reunivervalencia.com\/fr\/localizacion\/\"]}]},{\"@type\":\"BreadcrumbList\",\"@id\":\"https:\/\/reunivervalencia.com\/fr\/localizacion\/#breadcrumb\",\"itemListElement\":[{\"@type\":\"ListItem\",\"position\":1,\"name\":\"Portada\",\"item\":\"https:\/\/reunivervalencia.com\/fr\/\"},{\"@type\":\"ListItem\",\"position\":2,\"name\":\"Localisation\"}]}]}<\/script>\n<!-- \/ Yoast SEO plugin. -->","yoast_head_json":{"title":"Localisation - Reuniver","robots":{"index":"index","follow":"follow","max-snippet":"max-snippet:-1","max-image-preview":"max-image-preview:large","max-video-preview":"max-video-preview:-1"},"canonical":"https:\/\/reunivervalencia.com\/fr\/localizacion\/","og_locale":"fr_FR","og_type":"article","og_title":"Localisation - Reuniver","og_description":"Ou sommes nous? Reuniver se trouve au c\u0153ur du p\u00f4le universitaire de Valencia, \u00e0 400 m\u00e8tres de la UPV et proche de l&rsquo;Universidad Literaria ainsi que du Campus de los Naranjos. La r\u00e9sidence est tr\u00e8s bien communiqu\u00e9e avec L&rsquo;Universidad Cat\u00f3lica, La Universidad Europea et ESTEMA. Tu pourras aussi te rendre de mani\u00e8re rapide et simple [&hellip;]","og_url":"https:\/\/reunivervalencia.com\/fr\/localizacion\/","og_site_name":"Reuniver","article_modified_time":"2022-07-12T08:26:08+00:00","twitter_card":"summary_large_image","twitter_misc":{"Dur\u00e9e de lecture estim\u00e9e":"1 minute"},"schema":{"@context":"https:\/\/schema.org","@graph":[{"@type":"WebSite","@id":"https:\/\/reunivervalencia.com\/#website","url":"https:\/\/reunivervalencia.com\/","name":"Reuniver","description":"Votre autre maison \u00e0 Valencia","potentialAction":[{"@type":"SearchAction","target":{"@type":"EntryPoint","urlTemplate":"https:\/\/reunivervalencia.com\/?s={search_term_string}"},"query-input":"required name=search_term_string"}],"inLanguage":"fr-FR"},{"@type":"WebPage","@id":"https:\/\/reunivervalencia.com\/fr\/localizacion\/","url":"https:\/\/reunivervalencia.com\/fr\/localizacion\/","name":"Localisation - Reuniver","isPartOf":{"@id":"https:\/\/reunivervalencia.com\/#website"},"datePublished":"2022-06-12T14:05:02+00:00","dateModified":"2022-07-12T08:26:08+00:00","breadcrumb":{"@id":"https:\/\/reunivervalencia.com\/fr\/localizacion\/#breadcrumb"},"inLanguage":"fr-FR","potentialAction":[{"@type":"ReadAction","target":["https:\/\/reunivervalencia.com\/fr\/localizacion\/"]}]},{"@type":"BreadcrumbList","@id":"https:\/\/reunivervalencia.com\/fr\/localizacion\/#breadcrumb","itemListElement":[{"@type":"ListItem","position":1,"name":"Portada","item":"https:\/\/reunivervalencia.com\/fr\/"},{"@type":"ListItem","position":2,"name":"Localisation"}]}]}},"_links":{"self":[{"href":"https:\/\/reunivervalencia.com\/fr\/wp-json\/wp\/v2\/pages\/744"}],"collection":[{"href":"https:\/\/reunivervalencia.com\/fr\/wp-json\/wp\/v2\/pages"}],"about":[{"href":"https:\/\/reunivervalencia.com\/fr\/wp-json\/wp\/v2\/types\/page"}],"author":[{"embeddable":true,"href":"https:\/\/reunivervalencia.com\/fr\/wp-json\/wp\/v2\/users\/1"}],"replies":[{"embeddable":true,"href":"https:\/\/reunivervalencia.com\/fr\/wp-json\/wp\/v2\/comments?post=744"}],"version-history":[{"count":20,"href":"https:\/\/reunivervalencia.com\/fr\/wp-json\/wp\/v2\/pages\/744\/revisions"}],"predecessor-version":[{"id":1295,"href":"https:\/\/reunivervalencia.com\/fr\/wp-json\/wp\/v2\/pages\/744\/revisions\/1295"}],"wp:attachment":[{"href":"https:\/\/reunivervalencia.com\/fr\/wp-json\/wp\/v2\/media?parent=744"}],"curies":[{"name":"wp","href":"https:\/\/api.w.org\/{rel}","templated":true}]}}

<div class="wrapper-scrollMe">
<div class="scrollMe"></div>
</div>



<div class="wp-block-group block-1 cover"><div class="wp-block-group__inner-container">
<div class="wp-block-columns">
<div class="wp-block-column">
<h1>Ou <br>sommes <br>nous?</h1>
</div>



<div class="wp-block-column text">
<div class="wp-block-group"><div class="wp-block-group__inner-container">
<p>Reuniver se trouve au cœur du pôle universitaire de Valencia, à 400 mètres de la UPV et proche de l&rsquo;Universidad Literaria ainsi que du Campus de los Naranjos. La résidence est très bien communiquée avec L&rsquo;Universidad Católica, La Universidad Europea et ESTEMA. Tu pourras aussi te rendre de manière rapide et simple au Campus de Burjassot et au CEU Cardenal Herrera.</p>
</div></div>
</div>
</div>
</div></div>



<div class="wp-block-group block-2 slider type-1"><div class="wp-block-group__inner-container"><div class="slider type-1 swiper-container"><ul class="swiper-wrapper"><li class="swiper-slide slide-1"><div class="inner"><div class="text"><p>Pour te<br />
rendre<br />
au centre<br />
de Valencia,<br />
bus et métro.</p>
<ul>
<li>Bus 81, 31</li>
<li>Metro 5, 7</li>
</ul>
</div><div class="image"><figure><img width="1000" height="1124" src="https://reunivervalencia.com/wp-content/uploads/2022/06/autobus-metro-centro-valencia.jpg" class="attachment-full size-full" alt="" loading="lazy" srcset="https://reunivervalencia.com/wp-content/uploads/2022/06/autobus-metro-centro-valencia.jpg 1000w, https://reunivervalencia.com/wp-content/uploads/2022/06/autobus-metro-centro-valencia-267x300.jpg 267w, https://reunivervalencia.com/wp-content/uploads/2022/06/autobus-metro-centro-valencia-911x1024.jpg 911w, https://reunivervalencia.com/wp-content/uploads/2022/06/autobus-metro-centro-valencia-768x863.jpg 768w" sizes="(max-width: 1000px) 100vw, 1000px" /></figure></div></div></li><li class="swiper-slide slide-2"><div class="inner"><div class="text"><p>La mer est<br />
à moins d'1 km<br />
et tu peux t'y<br />
rendre en tramway<br />
ou en autobus.</p>
<ul>
<li>Bus 31, 32</li>
<li>Tranvía línea 5 y 7</li>
</ul>
</div><div class="image"><figure><img width="1000" height="1015" src="https://reunivervalencia.com/wp-content/uploads/2022/06/mar-a-menos-de-1-km.jpg" class="attachment-full size-full" alt="" loading="lazy" srcset="https://reunivervalencia.com/wp-content/uploads/2022/06/mar-a-menos-de-1-km.jpg 1000w, https://reunivervalencia.com/wp-content/uploads/2022/06/mar-a-menos-de-1-km-296x300.jpg 296w, https://reunivervalencia.com/wp-content/uploads/2022/06/mar-a-menos-de-1-km-768x780.jpg 768w, https://reunivervalencia.com/wp-content/uploads/2022/06/mar-a-menos-de-1-km-96x96.jpg 96w" sizes="(max-width: 1000px) 100vw, 1000px" /></figure></div></div></li><li class="swiper-slide slide-3"><div class="inner"><div class="text"><p>A 100 mètres de<br />
la résidence tu as le<br />
polideportivo Beteró<br />
et à 400 mètres<br />
les installations<br />
sportives de<br />
l'Université.</p>
</div><div class="image"><figure><img width="1000" height="1244" src="https://reunivervalencia.com/wp-content/uploads/2022/06/cerca-polideportivo-betero-universidad.jpg" class="attachment-full size-full" alt="" loading="lazy" srcset="https://reunivervalencia.com/wp-content/uploads/2022/06/cerca-polideportivo-betero-universidad.jpg 1000w, https://reunivervalencia.com/wp-content/uploads/2022/06/cerca-polideportivo-betero-universidad-241x300.jpg 241w, https://reunivervalencia.com/wp-content/uploads/2022/06/cerca-polideportivo-betero-universidad-823x1024.jpg 823w, https://reunivervalencia.com/wp-content/uploads/2022/06/cerca-polideportivo-betero-universidad-768x955.jpg 768w" sizes="(max-width: 1000px) 100vw, 1000px" /></figure></div></div></li></ul></div><div class="swiper-pagination"></div>
</div></div>



<div class="wp-block-group block-3"><div class="wp-block-group__inner-container">
<h2>Reuniver Valencia</h2>



<p>Calle de José María Haro. 59<br>46022 València, Valencia</p>
</div></div>



<div class="wp-block-group block-4 map"><div class="wp-block-group__inner-container">
<iframe src="https://www.google.com/maps/embed?pb=!1m18!1m12!1m3!1d3079.848729665438!2d-0.33924468469728525!3d39.472745979486064!2m3!1f0!2f0!3f0!3m2!1i1024!2i768!4f13.1!3m3!1m2!1s0xd6048627f269295%3A0xeafd5c512ef86fa2!2sReuniver%20Valencia.!5e0!3m2!1ses!2ses!4v1655027977089!5m2!1ses!2ses" style="border:0;" allowfullscreen="" loading="lazy" referrerpolicy="no-referrer-when-downgrade" width="600" height="450"></iframe>
</div></div>

<p>Ou sommes nous? Reuniver se trouve au cœur du pôle universitaire de Valencia, à 400 mètres de la UPV et proche de l&rsquo;Universidad Literaria ainsi que du Campus de los Naranjos. La résidence est très bien communiquée avec L&rsquo;Universidad Católica, La Universidad Europea et ESTEMA. Tu pourras aussi te rendre de manière rapide et simple [&hellip;]</p>

<!-- This site is optimized with the Yoast SEO plugin v19.3 - https://yoast.com/wordpress/plugins/seo/ -->
<title>Localisation - Reuniver</title>
<meta name="robots" content="index, follow, max-snippet:-1, max-image-preview:large, max-video-preview:-1" />
<link rel="canonical" href="https://reunivervalencia.com/fr/localizacion/" />
<meta property="og:locale" content="fr_FR" />
<meta property="og:type" content="article" />
<meta property="og:title" content="Localisation - Reuniver" />
<meta property="og:description" content="Ou sommes nous? Reuniver se trouve au cœur du pôle universitaire de Valencia, à 400 mètres de la UPV et proche de l&rsquo;Universidad Literaria ainsi que du Campus de los Naranjos. La résidence est très bien communiquée avec L&rsquo;Universidad Católica, La Universidad Europea et ESTEMA. Tu pourras aussi te rendre de manière rapide et simple [&hellip;]" />
<meta property="og:url" content="https://reunivervalencia.com/fr/localizacion/" />
<meta property="og:site_name" content="Reuniver" />
<meta property="article:modified_time" content="2022-07-12T08:26:08+00:00" />
<meta name="twitter:card" content="summary_large_image" />
<meta name="twitter:label1" content="Durée de lecture estimée" />
	<meta name="twitter:data1" content="1 minute" />
<script type="application/ld+json" class="yoast-schema-graph">{"@context":"https://schema.org","@graph":[{"@type":"WebSite","@id":"https://reunivervalencia.com/#website","url":"https://reunivervalencia.com/","name":"Reuniver","description":"Votre autre maison à Valencia","potentialAction":[{"@type":"SearchAction","target":{"@type":"EntryPoint","urlTemplate":"https://reunivervalencia.com/?s={search_term_string}"},"query-input":"required name=search_term_string"}],"inLanguage":"fr-FR"},{"@type":"WebPage","@id":"https://reunivervalencia.com/fr/localizacion/","url":"https://reunivervalencia.com/fr/localizacion/","name":"Localisation - Reuniver","isPartOf":{"@id":"https://reunivervalencia.com/#website"},"datePublished":"2022-06-12T14:05:02+00:00","dateModified":"2022-07-12T08:26:08+00:00","breadcrumb":{"@id":"https://reunivervalencia.com/fr/localizacion/#breadcrumb"},"inLanguage":"fr-FR","potentialAction":[{"@type":"ReadAction","target":["https://reunivervalencia.com/fr/localizacion/"]}]},{"@type":"BreadcrumbList","@id":"https://reunivervalencia.com/fr/localizacion/#breadcrumb","itemListElement":[{"@type":"ListItem","position":1,"name":"Portada","item":"https://reunivervalencia.com/fr/"},{"@type":"ListItem","position":2,"name":"Localisation"}]}]}</script>
<!-- / Yoast SEO plugin. -->

Ou sommes nous? Reuniver se trouve au cœur du pôle universitaire de Valencia, à 400 mètres de la UPV et proche de l&rsquo;Universidad Literaria ainsi que du Campus de los Naranjos. La résidence est très bien communiquée avec L&rsquo;Universidad Católica, La Universidad Europea et ESTEMA. Tu pourras aussi te rendre de manière rapide et simple [&hellip;]

Votre autre maison à Valencia
